{"id":3023,"date":"2019-12-11T10:33:20","date_gmt":"2019-12-11T07:33:20","guid":{"rendered":"http:\/\/uludagarch.com.tr\/?post_type=jetpack-portfolio&#038;p=3023"},"modified":"2020-01-13T15:25:14","modified_gmt":"2020-01-13T12:25:14","slug":"baslik-cumhuriyet-meydani-yeni-gorunume-kavustu","status":"publish","type":"jetpack-portfolio","link":"https:\/\/umm.com.tr\/?portfolio=baslik-cumhuriyet-meydani-yeni-gorunume-kavustu","title":{"rendered":"BA\u015eLIK \u2013 Cumhuriyet Meydan\u0131 yeni g\u00f6r\u00fcn\u00fcme kavu\u015ftu"},"content":{"rendered":"\n<figure class=\"wp-block-image\"><img data-attachment-id=\"3021\" data-permalink=\"https:\/\/umm.com.tr\/?attachment_id=3021\" data-orig-file=\"https:\/\/i1.wp.com\/umm.com.tr\/wp-content\/uploads\/2020\/01\/5c9dc51d04207c378c9a12cd.jpg?fit=650%2C433&amp;ssl=1\" data-orig-size=\"650,433\" data-comments-opened=\"0\" data-image-meta=\"{&quot;aperture&quot;:&quot;0&quot;,&quot;credit&quot;:&quot;&quot;,&quot;camera&quot;:&quot;&quot;,&quot;caption&quot;:&quot;&quot;,&quot;created_timestamp&quot;:&quot;0&quot;,&quot;copyright&quot;:&quot;&quot;,&quot;focal_length&quot;:&quot;0&quot;,&quot;iso&quot;:&quot;0&quot;,&quot;shutter_speed&quot;:&quot;0&quot;,&quot;title&quot;:&quot;&quot;,&quot;orientation&quot;:&quot;0&quot;}\" data-image-title=\"5c9dc51d04207c378c9a12cd\" data-image-description=\"\" data-medium-file=\"https:\/\/i1.wp.com\/umm.com.tr\/wp-content\/uploads\/2020\/01\/5c9dc51d04207c378c9a12cd.jpg?fit=300%2C200&amp;ssl=1\" data-large-file=\"https:\/\/i1.wp.com\/umm.com.tr\/wp-content\/uploads\/2020\/01\/5c9dc51d04207c378c9a12cd.jpg?fit=650%2C433&amp;ssl=1\" loading=\"lazy\" width=\"650\" height=\"433\" src=\"https:\/\/i1.wp.com\/uludagarch.com.tr\/wp-content\/uploads\/2020\/01\/5c9dc51d04207c378c9a12cd.jpg?resize=650%2C433\" alt=\"\" class=\"wp-image-3021\" srcset=\"https:\/\/i1.wp.com\/umm.com.tr\/wp-content\/uploads\/2020\/01\/5c9dc51d04207c378c9a12cd.jpg?w=650&amp;ssl=1 650w, https:\/\/i1.wp.com\/umm.com.tr\/wp-content\/uploads\/2020\/01\/5c9dc51d04207c378c9a12cd.jpg?resize=300%2C200&amp;ssl=1 300w, https:\/\/i1.wp.com\/umm.com.tr\/wp-content\/uploads\/2020\/01\/5c9dc51d04207c378c9a12cd.jpg?resize=220%2C147&amp;ssl=1 220w\" sizes=\"(max-width: 650px) 100vw, 650px\" data-recalc-dims=\"1\" \/><\/figure>\n\n\n\n<p><strong>Kaynak ve Haber Linki:<\/strong>  <a href=\"https:\/\/www.cnnturk.com\/yerel-haberler\/mardin\/nusaybin\/cumhuriyet-meydani-yeni-gorunume-kavustu-966722\">https:\/\/www.cnnturk.com\/yerel-haberler\/mardin\/nusaybin\/cumhuriyet-meydani-yeni-gorunume-kavustu-966722<\/a> <\/p>\n","protected":false},"excerpt":{"rendered":"<p>Kaynak ve Haber Linki: https:\/\/www.cnnturk.com\/yerel-haberler\/mardin\/nusaybin\/cumhuriyet-meydani-yeni-gorunume-kavustu-966722<\/p>\n","protected":false},"author":1,"featured_media":3021,"comment_status":"closed","ping_status":"closed","template":"","meta":{"inline_featured_image":false,"spay_email":""},"jetpack-portfolio-type":[69],"jetpack-portfolio-tag":[],"_links":{"self":[{"href":"https:\/\/umm.com.tr\/index.php?rest_route=\/wp\/v2\/jetpack-portfolio\/3023"}],"collection":[{"href":"https:\/\/umm.com.tr\/index.php?rest_route=\/wp\/v2\/jetpack-portfolio"}],"about":[{"href":"https:\/\/umm.com.tr\/index.php?rest_route=\/wp\/v2\/types\/jetpack-portfolio"}],"author":[{"embeddable":true,"href":"https:\/\/umm.com.tr\/index.php?rest_route=\/wp\/v2\/users\/1"}],"replies":[{"embeddable":true,"href":"https:\/\/umm.com.tr\/index.php?rest_route=%2Fwp%2Fv2%2Fcomments&post=3023"}],"version-history":[{"count":1,"href":"https:\/\/umm.com.tr\/index.php?rest_route=\/wp\/v2\/jetpack-portfolio\/3023\/revisions"}],"predecessor-version":[{"id":3024,"href":"https:\/\/umm.com.tr\/index.php?rest_route=\/wp\/v2\/jetpack-portfolio\/3023\/revisions\/3024"}],"wp:featuredmedia":[{"embeddable":true,"href":"https:\/\/umm.com.tr\/index.php?rest_route=\/wp\/v2\/media\/3021"}],"wp:attachment":[{"href":"https:\/\/umm.com.tr\/index.php?rest_route=%2Fwp%2Fv2%2Fmedia&parent=3023"}],"wp:term":[{"taxonomy":"jetpack-portfolio-type","embeddable":true,"href":"https:\/\/umm.com.tr\/index.php?rest_route=%2Fwp%2Fv2%2Fjetpack-portfolio-type&post=3023"},{"taxonomy":"jetpack-portfolio-tag","embeddable":true,"href":"https:\/\/umm.com.tr\/index.php?rest_route=%2Fwp%2Fv2%2Fjetpack-portfolio-tag&post=3023"}],"curies":[{"name":"wp","href":"https:\/\/api.w.org\/{rel}","templated":true}]}}

BAŞLIK – Cumhuriyet Meydanı yeni görünüme kavuştu
