{"id":3014,"date":"2019-12-11T10:33:09","date_gmt":"2019-12-11T07:33:09","guid":{"rendered":"http:\/\/uludagarch.com.tr\/?post_type=jetpack-portfolio&#038;p=3014"},"modified":"2020-01-13T15:03:54","modified_gmt":"2020-01-13T12:03:54","slug":"baslik-nusaybin-cumhuriyet-meydani-yeni-gorunumu-goz-kamastiriyor","status":"publish","type":"jetpack-portfolio","link":"https:\/\/umm.com.tr\/?portfolio=baslik-nusaybin-cumhuriyet-meydani-yeni-gorunumu-goz-kamastiriyor","title":{"rendered":"BA\u015eLIK \u2013 Nusaybin Cumhuriyet Meydan\u0131 Yeni G\u00f6r\u00fcn\u00fcm\u00fc G\u00f6z Kama\u015ft\u0131r\u0131yor"},"content":{"rendered":"\n<figure class=\"wp-block-image\"><img data-attachment-id=\"3012\" data-permalink=\"https:\/\/umm.com.tr\/?attachment_id=3012\" data-orig-file=\"https:\/\/i0.wp.com\/umm.com.tr\/wp-content\/uploads\/2020\/01\/5da4ac7645d2a0d1981d47fd.jpg?fit=817%2C410&amp;ssl=1\" data-orig-size=\"817,410\" data-comments-opened=\"0\" data-image-meta=\"{&quot;aperture&quot;:&quot;0&quot;,&quot;credit&quot;:&quot;&quot;,&quot;camera&quot;:&quot;&quot;,&quot;caption&quot;:&quot;&quot;,&quot;created_timestamp&quot;:&quot;0&quot;,&quot;copyright&quot;:&quot;&quot;,&quot;focal_length&quot;:&quot;0&quot;,&quot;iso&quot;:&quot;0&quot;,&quot;shutter_speed&quot;:&quot;0&quot;,&quot;title&quot;:&quot;&quot;,&quot;orientation&quot;:&quot;0&quot;}\" data-image-title=\"5da4ac7645d2a0d1981d47fd\" data-image-description=\"\" data-medium-file=\"https:\/\/i0.wp.com\/umm.com.tr\/wp-content\/uploads\/2020\/01\/5da4ac7645d2a0d1981d47fd.jpg?fit=300%2C151&amp;ssl=1\" data-large-file=\"https:\/\/i0.wp.com\/umm.com.tr\/wp-content\/uploads\/2020\/01\/5da4ac7645d2a0d1981d47fd.jpg?fit=700%2C351&amp;ssl=1\" loading=\"lazy\" width=\"700\" height=\"351\" src=\"https:\/\/i0.wp.com\/uludagarch.com.tr\/wp-content\/uploads\/2020\/01\/5da4ac7645d2a0d1981d47fd.jpg?resize=700%2C351\" alt=\"\" class=\"wp-image-3012\" srcset=\"https:\/\/i0.wp.com\/umm.com.tr\/wp-content\/uploads\/2020\/01\/5da4ac7645d2a0d1981d47fd.jpg?w=817&amp;ssl=1 817w, https:\/\/i0.wp.com\/umm.com.tr\/wp-content\/uploads\/2020\/01\/5da4ac7645d2a0d1981d47fd.jpg?resize=300%2C151&amp;ssl=1 300w, https:\/\/i0.wp.com\/umm.com.tr\/wp-content\/uploads\/2020\/01\/5da4ac7645d2a0d1981d47fd.jpg?resize=768%2C385&amp;ssl=1 768w, https:\/\/i0.wp.com\/umm.com.tr\/wp-content\/uploads\/2020\/01\/5da4ac7645d2a0d1981d47fd.jpg?resize=220%2C110&amp;ssl=1 220w\" sizes=\"(max-width: 700px) 100vw, 700px\" data-recalc-dims=\"1\" \/><\/figure>\n\n\n\n<p><strong>Kaynak ve Haber Linki:<\/strong> <a href=\"http:\/\/www.milliyet.com.tr\/yerel-haberler\/mardin\/nusaybin-cumhuriyet-meydani-yeni-gorunumu-goz-kamastiriyor-12785522\">http:\/\/www.milliyet.com.tr\/yerel-haberler\/mardin\/nusaybin-cumhuriyet-meydani-yeni-gorunumu-goz-kamastiriyor-12785522<\/a> <\/p>\n","protected":false},"excerpt":{"rendered":"<p>Kaynak ve Haber Linki: http:\/\/www.milliyet.com.tr\/yerel-haberler\/mardin\/nusaybin-cumhuriyet-meydani-yeni-gorunumu-goz-kamastiriyor-12785522<\/p>\n","protected":false},"author":1,"featured_media":3012,"comment_status":"closed","ping_status":"closed","template":"","meta":{"inline_featured_image":false,"spay_email":""},"jetpack-portfolio-type":[69],"jetpack-portfolio-tag":[],"_links":{"self":[{"href":"https:\/\/umm.com.tr\/index.php?rest_route=\/wp\/v2\/jetpack-portfolio\/3014"}],"collection":[{"href":"https:\/\/umm.com.tr\/index.php?rest_route=\/wp\/v2\/jetpack-portfolio"}],"about":[{"href":"https:\/\/umm.com.tr\/index.php?rest_route=\/wp\/v2\/types\/jetpack-portfolio"}],"author":[{"embeddable":true,"href":"https:\/\/umm.com.tr\/index.php?rest_route=\/wp\/v2\/users\/1"}],"replies":[{"embeddable":true,"href":"https:\/\/umm.com.tr\/index.php?rest_route=%2Fwp%2Fv2%2Fcomments&post=3014"}],"version-history":[{"count":1,"href":"https:\/\/umm.com.tr\/index.php?rest_route=\/wp\/v2\/jetpack-portfolio\/3014\/revisions"}],"predecessor-version":[{"id":3015,"href":"https:\/\/umm.com.tr\/index.php?rest_route=\/wp\/v2\/jetpack-portfolio\/3014\/revisions\/3015"}],"wp:featuredmedia":[{"embeddable":true,"href":"https:\/\/umm.com.tr\/index.php?rest_route=\/wp\/v2\/media\/3012"}],"wp:attachment":[{"href":"https:\/\/umm.com.tr\/index.php?rest_route=%2Fwp%2Fv2%2Fmedia&parent=3014"}],"wp:term":[{"taxonomy":"jetpack-portfolio-type","embeddable":true,"href":"https:\/\/umm.com.tr\/index.php?rest_route=%2Fwp%2Fv2%2Fjetpack-portfolio-type&post=3014"},{"taxonomy":"jetpack-portfolio-tag","embeddable":true,"href":"https:\/\/umm.com.tr\/index.php?rest_route=%2Fwp%2Fv2%2Fjetpack-portfolio-tag&post=3014"}],"curies":[{"name":"wp","href":"https:\/\/api.w.org\/{rel}","templated":true}]}}

BAŞLIK – Nusaybin Cumhuriyet Meydanı Yeni Görünümü Göz Kamaştırıyor
