{"id":2403,"date":"2019-12-11T10:32:51","date_gmt":"2019-12-11T07:32:51","guid":{"rendered":"http:\/\/newsite.uludagarch.com.tr\/?post_type=jetpack-portfolio&#038;p=2403"},"modified":"2019-12-12T18:15:37","modified_gmt":"2019-12-12T15:15:37","slug":"museum-of-the-republic-ataturk-boulevard","status":"publish","type":"jetpack-portfolio","link":"https:\/\/umm.com.tr\/?portfolio=museum-of-the-republic-ataturk-boulevard","title":{"rendered":"MUSEUM OF THE REPUBLIC-ATAT\u00dcRK BOULEVARD"},"content":{"rendered":"\n<p> Prof. Dr. Zeynep Uluda\u011f appeared as the guest of the documentary \u201cMuseum of the Republic-Atat\u00fcrk Boulevard\u201d to talk about K\u0131z\u0131lay Square, K\u0131z\u0131lay Binas\u0131, G\u00fcvenpark and Atat\u00fcrk Boulevard on 8th of June at Kanak B. <\/p>\n\n\n\n<figure class=\"wp-block-embed-youtube wp-block-embed is-type-video is-provider-youtube wp-embed-aspect-16-9 wp-has-aspect-ratio\"><div class=\"wp-block-embed__wrapper\">\n<div class=\"jetpack-video-wrapper\"><iframe loading=\"lazy\" title=\"Cumhuriyet&#039;in M\u00fczesi Atat\u00fcrk Bulvar\u0131 - B\u00f6l\u00fcm 10: K\u0131z\u0131lay Meydan\u0131, G\u00fcvenpark\" width=\"700\" height=\"394\" src=\"https:\/\/www.youtube.com\/embed\/4EXqijRrPJI?feature=oembed\" frameborder=\"0\" allow=\"accelerometer; autoplay; clipboard-write; encrypted-media; gyroscope; picture-in-picture\" allowfullscreen><\/iframe><\/div>\n<\/div><\/figure>\n","protected":false},"excerpt":{"rendered":"<p>Prof. Dr. Zeynep Uluda\u011f appeared as the guest of the documentary \u201cMuseum of the Republic-Atat\u00fcrk Boulevard\u201d to talk about K\u0131z\u0131lay Square, K\u0131z\u0131lay Binas\u0131, G\u00fcvenpark and Atat\u00fcrk Boulevard on 8th of June at Kanak B.<\/p>\n","protected":false},"author":1,"featured_media":2150,"comment_status":"closed","ping_status":"closed","template":"","meta":{"inline_featured_image":false,"spay_email":""},"jetpack-portfolio-type":[71],"jetpack-portfolio-tag":[],"_links":{"self":[{"href":"https:\/\/umm.com.tr\/index.php?rest_route=\/wp\/v2\/jetpack-portfolio\/2403"}],"collection":[{"href":"https:\/\/umm.com.tr\/index.php?rest_route=\/wp\/v2\/jetpack-portfolio"}],"about":[{"href":"https:\/\/umm.com.tr\/index.php?rest_route=\/wp\/v2\/types\/jetpack-portfolio"}],"author":[{"embeddable":true,"href":"https:\/\/umm.com.tr\/index.php?rest_route=\/wp\/v2\/users\/1"}],"replies":[{"embeddable":true,"href":"https:\/\/umm.com.tr\/index.php?rest_route=%2Fwp%2Fv2%2Fcomments&post=2403"}],"version-history":[{"count":2,"href":"https:\/\/umm.com.tr\/index.php?rest_route=\/wp\/v2\/jetpack-portfolio\/2403\/revisions"}],"predecessor-version":[{"id":5185,"href":"https:\/\/umm.com.tr\/index.php?rest_route=\/wp\/v2\/jetpack-portfolio\/2403\/revisions\/5185"}],"wp:featuredmedia":[{"embeddable":true,"href":"https:\/\/umm.com.tr\/index.php?rest_route=\/wp\/v2\/media\/2150"}],"wp:attachment":[{"href":"https:\/\/umm.com.tr\/index.php?rest_route=%2Fwp%2Fv2%2Fmedia&parent=2403"}],"wp:term":[{"taxonomy":"jetpack-portfolio-type","embeddable":true,"href":"https:\/\/umm.com.tr\/index.php?rest_route=%2Fwp%2Fv2%2Fjetpack-portfolio-type&post=2403"},{"taxonomy":"jetpack-portfolio-tag","embeddable":true,"href":"https:\/\/umm.com.tr\/index.php?rest_route=%2Fwp%2Fv2%2Fjetpack-portfolio-tag&post=2403"}],"curies":[{"name":"wp","href":"https:\/\/api.w.org\/{rel}","templated":true}]}}

MUSEUM OF THE REPUBLIC-ATATÜRK BOULEVARD

<p> Prof. Dr. Zeynep Uludağ appeared as the guest of the documentary “Museum of the Republic-Atatürk Boulevard” to talk about Kızılay Square, Kızılay Binası, Güvenpark and Atatürk Boulevard on 8th of June at Kanak B. </p>



<figure class="wp-block-embed-youtube wp-block-embed is-type-video is-provider-youtube wp-embed-aspect-16-9 wp-has-aspect-ratio"><div class="wp-block-embed__wrapper">
<div class="jetpack-video-wrapper"><iframe loading="lazy" title="Cumhuriyet&#039;in Müzesi Atatürk Bulvarı - Bölüm 10: Kızılay Meydanı, Güvenpark" width="700" height="394" src="https://www.youtube.com/embed/4EXqijRrPJI?feature=oembed" frameborder="0" allow="accelerometer; autoplay; clipboard-write; encrypted-media; gyroscope; picture-in-picture" allowfullscreen></iframe></div>
</div></figure>

<p>Prof. Dr. Zeynep Uludağ appeared as the guest of the documentary “Museum of the Republic-Atatürk Boulevard” to talk about Kızılay Square, Kızılay Binası, Güvenpark and Atatürk Boulevard on 8th of June at Kanak B.</p>
