{"id":2398,"date":"2019-12-11T10:29:22","date_gmt":"2019-12-11T07:29:22","guid":{"rendered":"http:\/\/newsite.uludagarch.com.tr\/?post_type=jetpack-portfolio&#038;p=2398"},"modified":"2019-12-12T18:12:04","modified_gmt":"2019-12-12T15:12:04","slug":"mayor-koken-visited-our-office-for-project-presentations","status":"publish","type":"jetpack-portfolio","link":"https:\/\/umm.com.tr\/?portfolio=mayor-koken-visited-our-office-for-project-presentations","title":{"rendered":"MAYOR K\u00d6KEN VISITED OUR OFFICE FOR PROJECT PRESENTATIONS"},"content":{"rendered":"\n<figure class=\"wp-block-image\"><img data-attachment-id=\"2145\" data-permalink=\"https:\/\/umm.com.tr\/?attachment_id=2145\" data-orig-file=\"https:\/\/i0.wp.com\/umm.com.tr\/wp-content\/uploads\/2019\/12\/0001.jpg?fit=720%2C480&amp;ssl=1\" data-orig-size=\"720,480\" data-comments-opened=\"0\" data-image-meta=\"{&quot;aperture&quot;:&quot;0&quot;,&quot;credit&quot;:&quot;&quot;,&quot;camera&quot;:&quot;&quot;,&quot;caption&quot;:&quot;&quot;,&quot;created_timestamp&quot;:&quot;0&quot;,&quot;copyright&quot;:&quot;&quot;,&quot;focal_length&quot;:&quot;0&quot;,&quot;iso&quot;:&quot;0&quot;,&quot;shutter_speed&quot;:&quot;0&quot;,&quot;title&quot;:&quot;&quot;,&quot;orientation&quot;:&quot;1&quot;}\" data-image-title=\"0001\" data-image-description=\"\" data-medium-file=\"https:\/\/i0.wp.com\/umm.com.tr\/wp-content\/uploads\/2019\/12\/0001.jpg?fit=300%2C200&amp;ssl=1\" data-large-file=\"https:\/\/i0.wp.com\/umm.com.tr\/wp-content\/uploads\/2019\/12\/0001.jpg?fit=700%2C467&amp;ssl=1\" loading=\"lazy\" width=\"700\" height=\"467\" src=\"https:\/\/i0.wp.com\/newsite.uludagarch.com.tr\/wp-content\/uploads\/2019\/12\/0001.jpg?resize=700%2C467\" alt=\"\" class=\"wp-image-2145\" srcset=\"https:\/\/i0.wp.com\/umm.com.tr\/wp-content\/uploads\/2019\/12\/0001.jpg?w=720&amp;ssl=1 720w, https:\/\/i0.wp.com\/umm.com.tr\/wp-content\/uploads\/2019\/12\/0001.jpg?resize=300%2C200&amp;ssl=1 300w, https:\/\/i0.wp.com\/umm.com.tr\/wp-content\/uploads\/2019\/12\/0001.jpg?resize=220%2C147&amp;ssl=1 220w\" sizes=\"(max-width: 700px) 100vw, 700px\" data-recalc-dims=\"1\" \/><\/figure>\n\n\n\n<p>The mayor of Kand\u0131ra Municipality \u00dcnal K\u00f6ken visited our office for our Kand\u0131ra City Square and Kand\u0131ra Municipality Building project\u2019s presentations.<\/p>\n\n\n\n<p>Related news:<\/p>\n\n\n\n<figure class=\"wp-block-embed\"><div class=\"wp-block-embed__wrapper\">\nhttp:\/\/www.kandira.bel.tr\/kandira-belediye-baskani-unal-koken-kent-meydani-ve-kandira-belediye-hizmet-binasi-projesinin-proje-sunumu-icin-ankarada\/\n<\/div><\/figure>\n\n\n\n<figure class=\"wp-block-embed\"><div class=\"wp-block-embed__wrapper\">\nhttps:\/\/www.kandira.bel.tr\/kandiraya-modern-ve-yeni-belediye-hizmet-binasi\/\n<\/div><\/figure>\n\n\n\n<figure class=\"wp-block-embed\"><div class=\"wp-block-embed__wrapper\">\nhttp:\/\/www.kandiraburada.com\/haber\/3342\/kandira-kent-meydani-projesine-hiz-verildi.html\n<\/div><\/figure>\n\n\n\n<figure class=\"wp-block-embed\"><div class=\"wp-block-embed__wrapper\">\nhttps:\/\/www.cagdaskocaeli.com.tr\/kandira-ya-kent-meydani-h79613.html\n<\/div><\/figure>\n","protected":false},"excerpt":{"rendered":"<p>The mayor of Kand\u0131ra Municipality \u00dcnal K\u00f6ken visited our office for our Kand\u0131ra City Square and Kand\u0131ra Municipality Building project\u2019s presentations. Related news:<\/p>\n","protected":false},"author":1,"featured_media":2145,"comment_status":"closed","ping_status":"closed","template":"","meta":{"inline_featured_image":false,"spay_email":""},"jetpack-portfolio-type":[71],"jetpack-portfolio-tag":[],"_links":{"self":[{"href":"https:\/\/umm.com.tr\/index.php?rest_route=\/wp\/v2\/jetpack-portfolio\/2398"}],"collection":[{"href":"https:\/\/umm.com.tr\/index.php?rest_route=\/wp\/v2\/jetpack-portfolio"}],"about":[{"href":"https:\/\/umm.com.tr\/index.php?rest_route=\/wp\/v2\/types\/jetpack-portfolio"}],"author":[{"embeddable":true,"href":"https:\/\/umm.com.tr\/index.php?rest_route=\/wp\/v2\/users\/1"}],"replies":[{"embeddable":true,"href":"https:\/\/umm.com.tr\/index.php?rest_route=%2Fwp%2Fv2%2Fcomments&post=2398"}],"version-history":[{"count":1,"href":"https:\/\/umm.com.tr\/index.php?rest_route=\/wp\/v2\/jetpack-portfolio\/2398\/revisions"}],"predecessor-version":[{"id":2401,"href":"https:\/\/umm.com.tr\/index.php?rest_route=\/wp\/v2\/jetpack-portfolio\/2398\/revisions\/2401"}],"wp:featuredmedia":[{"embeddable":true,"href":"https:\/\/umm.com.tr\/index.php?rest_route=\/wp\/v2\/media\/2145"}],"wp:attachment":[{"href":"https:\/\/umm.com.tr\/index.php?rest_route=%2Fwp%2Fv2%2Fmedia&parent=2398"}],"wp:term":[{"taxonomy":"jetpack-portfolio-type","embeddable":true,"href":"https:\/\/umm.com.tr\/index.php?rest_route=%2Fwp%2Fv2%2Fjetpack-portfolio-type&post=2398"},{"taxonomy":"jetpack-portfolio-tag","embeddable":true,"href":"https:\/\/umm.com.tr\/index.php?rest_route=%2Fwp%2Fv2%2Fjetpack-portfolio-tag&post=2398"}],"curies":[{"name":"wp","href":"https:\/\/api.w.org\/{rel}","templated":true}]}}

MAYOR KÖKEN VISITED OUR OFFICE FOR PROJECT PRESENTATIONS

<figure class="wp-block-image"><img data-attachment-id="2145" data-permalink="https://umm.com.tr/?attachment_id=2145" data-orig-file="https://i0.wp.com/umm.com.tr/wp-content/uploads/2019/12/0001.jpg?fit=720%2C480&amp;ssl=1" data-orig-size="720,480" data-comments-opened="0" data-image-meta="{&quot;aperture&quot;:&quot;0&quot;,&quot;credit&quot;:&quot;&quot;,&quot;camera&quot;:&quot;&quot;,&quot;caption&quot;:&quot;&quot;,&quot;created_timestamp&quot;:&quot;0&quot;,&quot;copyright&quot;:&quot;&quot;,&quot;focal_length&quot;:&quot;0&quot;,&quot;iso&quot;:&quot;0&quot;,&quot;shutter_speed&quot;:&quot;0&quot;,&quot;title&quot;:&quot;&quot;,&quot;orientation&quot;:&quot;1&quot;}" data-image-title="0001" data-image-description="" data-medium-file="https://i0.wp.com/umm.com.tr/wp-content/uploads/2019/12/0001.jpg?fit=300%2C200&amp;ssl=1" data-large-file="https://i0.wp.com/umm.com.tr/wp-content/uploads/2019/12/0001.jpg?fit=700%2C467&amp;ssl=1" loading="lazy" width="700" height="467" src="https://i0.wp.com/newsite.uludagarch.com.tr/wp-content/uploads/2019/12/0001.jpg?resize=700%2C467" alt="" class="wp-image-2145" srcset="https://i0.wp.com/umm.com.tr/wp-content/uploads/2019/12/0001.jpg?w=720&amp;ssl=1 720w, https://i0.wp.com/umm.com.tr/wp-content/uploads/2019/12/0001.jpg?resize=300%2C200&amp;ssl=1 300w, https://i0.wp.com/umm.com.tr/wp-content/uploads/2019/12/0001.jpg?resize=220%2C147&amp;ssl=1 220w" sizes="(max-width: 700px) 100vw, 700px" data-recalc-dims="1" /></figure>



<p>The mayor of Kandıra Municipality Ünal Köken visited our office for our Kandıra City Square and Kandıra Municipality Building project’s presentations.</p>



<p>Related news:</p>



<figure class="wp-block-embed"><div class="wp-block-embed__wrapper">
http://www.kandira.bel.tr/kandira-belediye-baskani-unal-koken-kent-meydani-ve-kandira-belediye-hizmet-binasi-projesinin-proje-sunumu-icin-ankarada/
</div></figure>



<figure class="wp-block-embed"><div class="wp-block-embed__wrapper">
https://www.kandira.bel.tr/kandiraya-modern-ve-yeni-belediye-hizmet-binasi/
</div></figure>



<figure class="wp-block-embed"><div class="wp-block-embed__wrapper">
http://www.kandiraburada.com/haber/3342/kandira-kent-meydani-projesine-hiz-verildi.html
</div></figure>



<figure class="wp-block-embed"><div class="wp-block-embed__wrapper">
https://www.cagdaskocaeli.com.tr/kandira-ya-kent-meydani-h79613.html
</div></figure>

<p>The mayor of Kandıra Municipality Ünal Köken visited our office for our Kandıra City Square and Kandıra Municipality Building project’s presentations. Related news:</p>
