{"id":2086,"date":"2019-12-11T09:50:12","date_gmt":"2019-12-11T06:50:12","guid":{"rendered":"http:\/\/newsite.uludagarch.com.tr\/?post_type=jetpack-portfolio&#038;p=2086"},"modified":"2019-12-11T09:50:16","modified_gmt":"2019-12-11T06:50:16","slug":"zeynep-uludag-dekan-olarak-atandi","status":"publish","type":"jetpack-portfolio","link":"https:\/\/umm.com.tr\/?portfolio=zeynep-uludag-dekan-olarak-atandi","title":{"rendered":"Zeynep Uluda\u011f Dekan Olarak Atand\u0131"},"content":{"rendered":"\n<p>Prof. Dr. Mimar Zeynep Uluda\u011f, Gazi \u00dcniversitesi Mimarl\u0131k Fak\u00fcltesi Dekan Vekili olarak atand\u0131. Kendisine yeni pozisyonunda ba\u015far\u0131lar diliyoruz.<\/p>\n","protected":false},"excerpt":{"rendered":"<p>Prof. Dr. Mimar Zeynep Uluda\u011f, Gazi \u00dcniversitesi Mimarl\u0131k Fak\u00fcltesi Dekan Vekili olarak atand\u0131. Kendisine yeni pozisyonunda ba\u015far\u0131lar diliyoruz.<\/p>\n","protected":false},"author":1,"featured_media":2087,"comment_status":"closed","ping_status":"closed","template":"","meta":{"inline_featured_image":false,"spay_email":""},"jetpack-portfolio-type":[69],"jetpack-portfolio-tag":[],"_links":{"self":[{"href":"https:\/\/umm.com.tr\/index.php?rest_route=\/wp\/v2\/jetpack-portfolio\/2086"}],"collection":[{"href":"https:\/\/umm.com.tr\/index.php?rest_route=\/wp\/v2\/jetpack-portfolio"}],"about":[{"href":"https:\/\/umm.com.tr\/index.php?rest_route=\/wp\/v2\/types\/jetpack-portfolio"}],"author":[{"embeddable":true,"href":"https:\/\/umm.com.tr\/index.php?rest_route=\/wp\/v2\/users\/1"}],"replies":[{"embeddable":true,"href":"https:\/\/umm.com.tr\/index.php?rest_route=%2Fwp%2Fv2%2Fcomments&post=2086"}],"version-history":[{"count":1,"href":"https:\/\/umm.com.tr\/index.php?rest_route=\/wp\/v2\/jetpack-portfolio\/2086\/revisions"}],"predecessor-version":[{"id":2088,"href":"https:\/\/umm.com.tr\/index.php?rest_route=\/wp\/v2\/jetpack-portfolio\/2086\/revisions\/2088"}],"wp:featuredmedia":[{"embeddable":true,"href":"https:\/\/umm.com.tr\/index.php?rest_route=\/wp\/v2\/media\/2087"}],"wp:attachment":[{"href":"https:\/\/umm.com.tr\/index.php?rest_route=%2Fwp%2Fv2%2Fmedia&parent=2086"}],"wp:term":[{"taxonomy":"jetpack-portfolio-type","embeddable":true,"href":"https:\/\/umm.com.tr\/index.php?rest_route=%2Fwp%2Fv2%2Fjetpack-portfolio-type&post=2086"},{"taxonomy":"jetpack-portfolio-tag","embeddable":true,"href":"https:\/\/umm.com.tr\/index.php?rest_route=%2Fwp%2Fv2%2Fjetpack-portfolio-tag&post=2086"}],"curies":[{"name":"wp","href":"https:\/\/api.w.org\/{rel}","templated":true}]}}

Zeynep Uludağ Dekan Olarak Atandı

<p>Prof. Dr. Mimar Zeynep Uludağ, Gazi Üniversitesi Mimarlık Fakültesi Dekan Vekili olarak atandı. Kendisine yeni pozisyonunda başarılar diliyoruz.</p>
